the remainder when 957 is divided by 237?
9
Calculate the remainder when 250 is divided by 49.
5
Calculate the remainder when 681 is divided by 197.
90
Calculate the remainder when 1022 is divided by 18.
14
What is the remainder when 17972 is divided by 86?
84
Calculate the remainder when 85 is divided by 43.
42
Calculate the remainder when 72 is divided by 31.
10
Calculate the remainder when 160 is divided by 44.
28
Calculate the remainder when 1799 is divided by 255.
14
What is the remainder when 95 is divided by 41?
13
Calculate the remainder when 414 is divided by 74.
44
Calculate the remainder when 75 is divided by 53.
22
What is the remainder when 2369 is divided by 48?
17
Calculate the remainder when 502 is divided by 19.
8
Calculate the remainder when 3973 is divided by 28.
25
Calculate the remainder when 2622 is divided by 874.
0
What is the remainder when 107 is divided by 22?
19
Calculate the remainder when 95 is divided by 27.
14
What is the remainder when 362 is divided by 48?
26
Calculate the remainder when 764 is divided by 15.
14
Calculate the remainder when 128 is divided by 10.
8
Calculate the remainder when 107 is divided by 38.
31
What is the remainder when 628 is divided by 69?
7
What is the remainder when 8889 is divided by 117?
114
What is the remainder when 8270 is divided by 197?
193
What is the remainder when 883 is divided by 34?
33
What is the remainder when 2058 is divided by 10?
8
Calculate the remainder when 132 is divided by 41.
9
What is the remainder when 137 is divided by 14?
11
What is the remainder when 105 is divided by 9?
6
Calculate the remainder when 14 is divided by 6.
2
What is the remainder when 684 is divided by 139?
128
What is the remainder when 1292 is divided by 48?
44
What is the remainder when 205 is divided by 19?
15
Calculate the remainder when 28469 is divided by 78.
77
What is the remainder when 282 is divided by 18?
12
What is the remainder when 46 is divided by 9?
1
Calculate the remainder when 1547 is divided by 311.
303
Calculate the remainder when 767 is divided by 141.
62
Calculate the remainder when 39 is divided by 11.
6
Calculate the remainder when 42 is divided by 25.
17
Calculate the remainder when 140 is divided by 39.
23
What is the remainder when 1880 is divided by 173?
150
What is the remainder when 933 is divided by 18?
15
What is the remainder when 2022 is divided by 253?
251
What is the remainder when 359 is divided by 19?
17
What is the remainder when 580 is divided by 28?
20
What is the remainder when 133 is divided by 27?
25
Calculate the remainder when 125 is divided by 16.
13
Calculate the remainder when 146 is divided by 30.
26
Calculate the remainder when 207 is divided by 64.
15
Calculate the remainder when 129 is divided by 123.
6
What is the remainder when 986 is divided by 77?
62
What is the remainder when 1861 is divided by 8?
5
Calculate the remainder when 713 is divided by 8.
1
What is the remainder when 40179 is divided by 28?
27
What is the remainder when 300 is divided by 38?
34
What is the remainder when 199 is divided by 35?
24
Calculate the remainder when 503 is divided by 43.
30
What is the remainder when 125 is divided by 7?
6
What is the remainder when 515 is divided by 36?
11
What is the remainder when 1379 is divided by 15?
14
Calculate the remainder when 135 is divided by 62.
11
Calculate the remainder when 1045 is divided by 80.
5
What is the remainder when 173 is divided by 76?
21
What is the remainder when 897 is divided by 36?
33
Calculate the remainder when 2513 is divided by 317.
294
What is the remainder when 232 is divided by 121?
111
What is the remainder when 264 is divided by 82?
18
What is the remainder when 91 is divided by 89?
2
Calculate the remainder when 26 is divided by 23.
3
What is the remainder when 1223 is divided by 36?
35
What is the remainder when 118 is divided by 17?
16
Calculate the remainder when 199 is divided by 70.
59
Calculate the remainder when 11760 is divided by 34.
30
What is the remainder when 600 is divided by 121?
116
Calculate the remainder when 3372 is divided by 108.
24
Calculate the remainder when 142 is divided by 26.
12
What is the remainder when 124 is divided by 26?
20
What is the remainder when 78 is divided by 11?
1
What is the remainder when 250 is divided by 6?
4
Calculate the remainder when 2315 is divided by 29.
24
Calculate the remainder when 795 is divided by 255.
30
Calculate the remainder when 904 is divided by 344.
216
What is the remainder when 1459 is divided by 17?
14
What is the remainder when 138 is divided by 20?
18
What is the remainder when 825 is divided by 23?
20
Calculate the remainder when 1097 is divided by 213.
32
What is the remainder when 3961 is divided by 4?
1
What is the remainder when 1756 is divided by 49?
41
Calculate the remainder when 88 is divided by 5.
3
What is the remainder when 1396 is divided by 278?
6
What is the remainder when 1870 is divided by 234?
232
Calculate the remainder when 1194 is divided by 92.
90
Calculate the remainder when 50 is divided by 28.
22
Calculate the remainder when 593 is divided by 19.
4
What is the remainder when 131 is divided by 66?
65
What is the remainder when 4730 is divided by 128?
122
What is the remainder when 5744 is divided by 169?
167
Calculate the remainder when 415 is divided by 90.
55
What is the remainder when 703 is divided by 42?
31
What is the remainder when 2462 is divided by 33?
20
What is the remainder when 86 is divided by 39?
8
Calculate the remainder when 284 is divided by 24.
20
What is the remainder when 78 is divided by 9?
6
Calculate the remainder when 4511 is divided by 8.
7
Calculate the remainder when 717 is divided by 6.
3
Calculate the remainder when 216 is divided by 50.
16
What is the remainder when 3559 is divided by 31?
25
What is the remainder when 589 is divided by 185?
34
What is the remainder when 67 is divided by 29?
9
Calculate the remainder when 262 is divided by 66.
64
Calculate the remainder when 2430 is divided by 39.
12
Calculate the remainder when 151 is divided by 43.
22
Calculate the remainder when 5391 is divided by 31.
28
Calculate the remainder when 1449 is divided by 16.
9
What is the remainder when 578 is divided by 143?
6
Calculate the remainder when 163 is divided by 109.
54
What is the remainder when 142 is divided by 72?
70
Calculate the remainder when 9502 is divided by 48.
46
What is the remainder when 124 is divided by 6?
4
What is the remainder when 8131 is divided by 5?
1
What is the remainder when 170 is divided by 154?
16
Calculate the remainder when 248 is divided by 65.
53
What is the remainder when 1033 is divided by 347?
339
Calculate the remainder when 4205 is divided by 599.
12
Calculate the remainder when 353 is divided by 6.
5
What is the remainder when 1599 is divided by 20?
19
What is the remainder when 71 is divided by 64?
7
What is the remainder when 89 is divided by 14?
5
What is the remainder when 349 is divided by 22?
19
Calculate the remainder when 358 is divided by 15.
13
Calculate the remainder when 396 is divided by 234.
162
What is the remainder when 107 is divided by 40?
27
Calculate the remainder when 2133 is divided by 420.
33
Calculate the remainder when 140 is divided by 10.
0
Calculate the remainder when 223 is divided by 9.
7
Calculate the remainder when 238 is divided by 16.
14
Calculate the remainder when 4292 is divided by 1428.
8
What is the remainder when 25 is divided by 6?
1
Calculate the remainder when 161 is divided by 144.
17
What is the remainder when 317 is divided by 80?
77
What is the remainder when 254 is divided by 6?
2
What is the remainder when 96 is divided by 28?
12
Calculate the remainder when 68 is divided by 29.
10
What is the remainder when 39 is divided by 33?
6
What is the remainder when 277 is divided by 39?
4
What is the remainder when 339 is divided by 57?
54
Calculate the remainder when 5272 is divided by 40.
32
Calculate the remainder when 353 is divided by 163.
27
What is the remainder when 316 is divided by 43?
15
What is the remainder when 428 is divided by 107?
0
Calculate the remainder when 168 is divided by 45.
33
What is the remainder when 2398 is divided by 89?
84
Calculate the remainder when 116